 + 3*s - 170. Suppose 0 + s = 2*m. What are the prime factors of m?
17
Let b = 5 - 9. List the prime factors of ((-2)/b)/(2/64).
2
Suppose 7*g - 5*g - 86 = 0. List the prime factors of g.
43
Let i = 3 + 0. Suppose 5*c - i*u + 0*u = -75, -4*c + 3*u - 57 = 0. Let k = -11 - c. What are the prime factors of k?
7
Suppose y = -2*y. Suppose 2*m - 7 - 9 = y. List the prime factors of m.
2
Let n be 8/(-3 + 6 + -1). What are the prime factors of (6/1)/(-2 + n)?
3
List the prime factors of 2 + (-3 - -2 - -2).
3
Suppose o = -3*o + 8. List the prime factors of (-1 + o)/(2/6).
3
Let q(b) = b**2 + b + 5. Let j(f) = -f**3 + 2*f**2 + 2*f - 2. Let l be j(2). Suppose l*t = 5*i + 15, -t - t - 15 = 5*i. What are the prime factors of q(t)?
5
Let m = -227 - -409. What are the prime factors of m?
2, 7, 13
Let v(u) = -u - 6. Let j be v(5). Let a = -46 + 19. Let o = j - a. What are the prime factors of o?
2
Let t = -7 + 13. What are the prime factors of t?
2, 3
Let g(b) = b**3 - 2*b + 106. What are the prime factors of g(0)?
2, 53
Suppose 5*w + 4*z = 31, 3*w + z = 3*z + 1. Suppose 5*p = w*p - 62. Let f = 46 + p. List the prime factors of f.
3, 5
Let d be 9/(-6) + 74/(-4). Let p = 9 - d. What are the prime factors of p?
29
Suppose 40 = 5*f - p, 0 = -2*f + 2*p - 7*p + 16. Suppose -115 = 3*o - f*o. Suppose 4*z - 2*w - o - 7 = 0, 2*w - 51 = -5*z. List the prime factors of z.
3
Suppose 26 = 7*b - 2. What are the prime factors of b?
2
Let v = 119 + -11. List the prime factors of v.
2, 3
Suppose v + 1 = 0, 0*q + 9 = 3*q - 3*v. Let h(s) = -s + s**q - 3*s**2 + 4*s + s**3 - 2. What are the prime factors of h(3)?
2
Let l = 170 - 52. List the prime factors of l.
2, 59
Let o(k) = 2*k**3 - 4*k**2 + 4*k - 2. Let j be (4/6)/(1/3). Let i be o(j). What are the prime factors of i - -1 - (-3)/1?
2, 5
Let s be (1 - 2)*2 + 19. Suppose 2*i - 3*i = -4*m - s, 19 = 5*i + 2*m. List the prime factors of i.
5
Suppose -10 = -v - 7. Suppose -v*c = -2*n - 2*n - 57, -c = -3*n - 24. List the prime factors of c.
3, 5
Suppose s + s = 96. What are the prime factors of (s/2)/(9/6)?
2
What are the prime factors of (8 + -2)/(9/24)?
2
Suppose -a = 4*d - 10, -5*d + 3*a + 20 = 8*a. What are the prime factors of (27 - 1) + (2 - d)?
2, 13
Let c = 15 - 13. Let d = 21 + c. What are the prime factors of d?
23
Suppose 5*v + 4 = 3*i, -5*i + 2*v = -v - 12. Suppose 4*z = i + 29. List the prime factors of z.
2
Suppose 0*t + 3*t - 27 = 5*z, -5*t - 5 = 0. Let f(v) = -5*v - 6. List the prime factors of f(z).
2, 3
Let g = -87 - -52. List the prime factors of 136/14 - 10/g.
2, 5
Let r = -12 - -15. Suppose -r*h - 4 = -58. What are the prime factors of h?
2, 3
Let h(v) be the second derivative of 2*v**3 + v**2 - 2*v. List the prime factors of h(2).
2, 13
What are the prime factors of (0 - 9/(-12)) + 915/12?
7, 11
Let w(o) = o**2 + o + 1. Let t(y) = -2*y**2 - 2*y - 1. Let a(f) = 3*t(f) + 5*w(f). Let x be a(0). List the prime factors of (20*1)/2 - x.
2
Let g = 406 - 120. List the prime factors of g.
2, 11, 13
Suppose -3*k + 33 = -21. What are the prime factors of k?
2, 3
Let i = -12 + 16. What are the prime factors of i?
2
Let y(t) = 47*t**3 + 2*t**2 - t. What are the prime factors of y(1)?
2, 3
Let j(l) = -l - 2. Let r be j(-5). Suppose -25 = -r*h - 2*h. Let k(s) = s**3 - 5*s**2 + 7. What are the prime factors of k(h)?
7
Let z be (-50)/(-4) + 2/(-4). Let i be 1/(-2) + 186/z. Suppose -i = -5*q + 2*q. List the prime factors of q.
5
Let w(q) = 2*q**2 + 2*q + 5. Suppose 5*u = 3*h + 15, -5*h + 4 = u + 1. List the prime factors of w(u).
29
Suppose -604 = -5*p + o, 6*p - 5*p - 2*o = 128. What are the prime factors of p?
2, 3, 5
Let k be (-2)/(-1) - (-10)/(-5). Suppose -5*y - 5*j + 115 = k, 3*j = 2*y + j - 58. List the prime factors of y.
2, 13
Suppose 5*f = 3*f + 16. Let t(v) be the first derivative of v**2/2 + 6*v + 1. List the prime factors of t(f).
2, 7
Suppose 2*o = -0 + 4. Suppose 4*t - t = i + 9, i = -o*t - 14. What are the prime factors of 3/i - 207/(-12)?
17
Suppose -2*r - 12 = -8*r. List the prime factors of r*-13*(7 + -8).
2, 13
Let r(z) = 3*z + 20. Let u be r(15). Let l = u - 27. List the prime factors of l.
2, 19
Suppose 2*l - 375 = 89. What are the prime factors of l?
2, 29
Suppose -f + 3 = -0*f. Suppose -f*q + 9 + 6 = 0. What are the prime factors of q?
5
Suppose 0*y = -2*y + 192. Suppose 19 - 3 = -4*j, 2*l = 4*j + y. List the prime factors of l.
2, 5
List the prime factors of (-1)/3*((-4 - -2) + -211).
71
Let g be (-4)/(-20) - (-27)/15. Suppose 2*q - 4*y - g - 26 = 0, 5*y = -2*q + 46. What are the prime factors of q?
2, 3
Let g(i) = -i**2 + 8*i - 1. Let w be g(6). Let z be (7 + -6)*(-1 + w). Let n = 15 - z. What are the prime factors of n?
5
Suppose -2*m - 28 = 5*b, -5*b = -4*m + 5*m + 29. List the prime factors of 22 - 6*(-3)/b.
19
Suppose -s = s. Suppose s = -z - 2*z + 69. What are the prime factors of z?
23
List the prime factors of 10/4*44/5.
2, 11
Let t = -2 + -2. Let c be (3/2)/((-3)/t). Suppose 4*v + c*i - 17 + 1 = 0, 0 = 4*v - 3*i + 4. List the prime factors of v.
2
Let k(j) = -j + 41. List the prime factors of k(18).
23
Suppose -4*a - 21 = -a. Suppose -3*n + 50 = 2*n + 5*u, -n + 4*u = -10. Let f = a + n. What are the prime factors of f?
3
Suppose 3*y - 45 = 27. What are the prime factors of y?
2, 3
Let g(j) = 2*j**3 + j**2 + 1. Let q be g(2). Let u = -15 + q. List the prime factors of -4*-2*u/8.
2, 3
Let b(j) = j**3 - 19*j**2 - 17*j + 16. List the prime factors of b(20).
2, 19
Let x(l) = l. Let a(v) = -2*v - 1. Let f(n) = -5*a(n) - 6*x(n). Let h be f(-4). Let r = 15 + h. What are the prime factors of r?
2
What are the prime factors of -21*(-1 + -3)/12?
7
Let w(a) = -5*a - 3. Let x be w(-5). Let f = x + -11. What are the prime factors of f?
11
Let v(a) = -a**3 - 8*a**2 - 7*a - 3. Let t be v(-7). Let s be -5*(t/5 - 0). Suppose s*h = -0*h + 6. What are the prime factors of h?
2
List the prime factors of (-1)/(-1 - 2)*57.
19
Suppose -3*s + 4 = -14. What are the prime factors of (8/s)/((-8)/(-228))?
2, 19
List the prime factors of ((-19)/2)/(-5 - (-36)/8).
19
Suppose -3*v - 4*t = -v - 14, 0 = 2*v - t - 19. Let m(c) = 3*c - 60. Let r(n) = -n + 20. Let i(x) = -3*m(x) - 8*r(x). What are the prime factors of i(v)?
11
What are the prime factors of 20/(((-2)/10)/((-4)/8))?
2, 5
Suppose -g - 3*g + 624 = 0. List the prime factors of g/15 - (-2)/(-5).
2, 5
Let m = -4 - 5. List the prime factors of (m + 3)*2/(-3).
2
Let q be ((-9)/3)/((-6)/(-32)). Let b = -23 - q. What are the prime factors of b/(-1) + 4 + -1?
2, 5
Let a = -14 + 8. Let f be (-5 - a)*0/1. List the prime factors of 4 + f - 2*1.
2
Let k(w) = -w**3 + 4*w**2 - 3*w. Let d be k(2). Suppose 5*l - h - 127 = l, -3*l = -d*h - 94. What are the prime factors of l?
2
Let g = -36 + 125. List the prime factors of g.
89
Suppose 0*u - 15 = -5*u. Suppose q + 2*r + 6 = 0, q - r - u*r = 18. Suppose 0*c + q = c. List the prime factors of c.
2
Suppose 6*i - i - 10 = 0. Let g(c) be the first derivative of c**3/3 + 3*c**2/2 - c - 1. List the prime factors of g(i).
3
Let o(p) = p**3 - 5*p**2 - 2*p + 8. What are the prime factors of o(6)?
2
Let q(x) = -x**3 - 2*x**2 - 2*x - 1. Let l be q(-2). Let m = l - -5. Suppose -m*o + 4*o = -52. List the prime factors of o.
13
List the prime factors of (11 + -13)*(-3)/(-6)*-113.
113
Let x be -1 + -1 - (2 - 0). Let g(n) = -4*n - 4. What are the prime factors of g(x)?
2, 3
Let r be 12/14*(8 - 1). Let f be 15*3/((-27)/r). Let x = -6 - f. List the prime factors of x.
2
Let c(a) = 3*a**2 - 2*a - 40. List the prime factors of c(9).
5, 37
Let y be (-2)/6 + (-3)/(-9). Suppose m - 2 = -y*m. Suppose 4*o = 22 + m. List the prime factors of o.
2, 3
Suppose 44 = -4*f - 2*y, -4*f - 4*y - 2 = 38. List the prime factors of (-68)/f*(2 + 1).
17
Let v(g) = 8*g**2 - 4*g - 6. List the prime factors of v(4).
2, 53
Let t(b) = 3*b**2 + b - 4. Let w be t(3). Suppose 0*f = -f + w. Suppose -2*i + 3*g + 30 = 0, 3*i - g = i + f. List the prime factors of i.
2, 3
Let k(m) = 13*m**2 - m. Let b be k(2). Suppose 3*v = -2*v + b. What are the prime factors of (-1 + 0)*-2 + v?
2, 3
Suppose 3*k - 212 - 35 = -2*s, 0 = 2*s - 5*k - 207. Suppose -s = -5*y - 31. What are the prime factors of y?
17
Suppose 0 = 5*q + 3*u + 2*u - 20, 3*u + 18 = 3*q. What are the prime factors of q?
5
Let